k) = -2*k - 1. Let t(b) = 2*b. Let y(g) = 3*j(g) + 4*t(g). Suppose 0 = s + 4*s - 10. Determine y(s).
1
Let h(f) be the third derivative of -f**6/120 - f**5/30 + 19*f**2. Give h(-3).
9
Let n(j) = -4*j**3 - j**2 - j - 1. Let k(g) = g**2 + 5*g + 5. Let x be k(-2). Calculate n(x).
3
Let m(y) = -y**3 + 7*y**2 - 5*y - 3. Let a be m(6). Suppose -3*x - 4*z = -0 - 4, -3*z + 3 = a*x. Let v(w) = -w + 8. Give v(x).
8
Let v(f) = -2*f + 2. Let n(k) = -2*k + 3. Suppose 4 + 2 = -z. Let w(s) = z*v(s) + 5*n(s). What is w(-5)?
-7
Let q(j) be the second derivative of j**5/20 + j**4/4 - 2*j**3/3 - j**2 - 3*j. Let v(s) = -3*s + 2. Let m be v(2). Give q(m).
-2
Let z(s) = s**3 + s**2 + 1. Let y(c) = -3*c**3 - 7*c**2 - 4. Let q(x) = -y(x) - 4*z(x). What is q(3)?
0
Let c be 2*(2 - (-2)/(-4)). Let p = -2 + c. Let z(o) = -3*o**3 + 5*o**2 - 5*o + 6. Let v(b) = b**3 - b**2 + b - 1. Let g(s) = 5*v(s) + z(s). Give g(p).
3
Let a(w) = 8*w**2 - w - 8. Let i(p) = -7*p**2 + p + 7. Let l(r) = -5*a(r) - 6*i(r). Suppose 2*h - 2*j = 2, -13 = 2*h + j + 2*j. What is l(h)?
8
Suppose 5*s = -0 - 5. Let i(f) = -5*f**3 - 1. Determine i(s).
4
Suppose -m = -4*q - 22, 3*q + 5*m + 15 = -2*q. Let w(v) = 2*v - 16. Let p(b) = b - 7. Let c(a) = 7*p(a) - 3*w(a). Determine c(q).
-6
Let a = -129/2 - -65. Let t(w) be the third derivative of -w**2 + 1/24*w**4 + 0 + 0*w + a*w**3. Give t(-5).
-2
Let k(u) = u. Let a = -5 + 2. Determine k(a).
-3
Let c(a) be the second derivative of a**4/12 - 7*a**3/6 - 3*a**2/2 - 15*a. Give c(6).
-9
Let k(r) = -r - 8. Let m be k(-6). Let l(c) = c**2 + 2*c + 1. Calculate l(m).
1
Suppose 2*g + 4*g = -6. Let c(n) = 8*n**2 - 1. Give c(g).
7
Suppose 1 = 10*a - 19. Let g(n) = n**3 - 3*n**2 - 3*n + 2. Give g(a).
-8
Let a(c) = -c**3 + 6*c**2 - c - 4. Suppose -4*s + 0*s + 20 = 2*f, -34 = -4*f - 5*s. What is a(f)?
-10
Let x(t) = 2 - 3*t - 4*t + 0*t + 10*t. Let z be 0 - (-2)/(-2)*-3. What is x(z)?
11
Let g(f) = -f**3 - 9*f**2 - 6*f + 11. Let c = 106 - 114. What is g(c)?
-5
Let x(j) = j**3 - 5*j**2 - 5*j - 13. Let f be x(6). Let z(b) = -3*b**2 + 2*b - 3. Let p(w) = -4*w**2 + 3*w - 4. Let t(c) = f*z(c) + 5*p(c). Determine t(-1).
1
Let x(t) = t**2 + 6*t + 2. Let s = 91 + -99. Give x(s).
18
Let j be -2*((-14)/(-4) - 1). Let p(v) be the first derivative of v**4/4 + 2*v**3 + 5*v**2/2 + 4*v - 2. Determine p(j).
4
Let w(n) = -n**2 - n - 1. Let h(r) = -6*r**2 - 8*r - 8. Let p(k) = h(k) - 5*w(k). What is p(-3)?
-3
Suppose -12 = 3*s - 5*i + 17, s = -i + 1. Let m(c) = -c**2 - c - 1. Give m(s).
-7
Let s(k) = 15*k - 27. Let d(c) = 2*c - 4. Let p(x) = 27*d(x) - 4*s(x). Suppose 10*h = 8*h + 12. Let n be (-2)/(-5) + h/10. What is p(n)?
-6
Suppose m - 15 = -2*m. Let v(h) = 2*h - 1 - 4 - h**3 - 1 + 5*h**2. Let d be v(m). Let q(p) = -p**3 + 4*p**2 - 5. Calculate q(d).
-5
Let j(x) = 2*x**2 + 3*x - 4. Let q be -1 - ((-12)/(-2) - 4). Determine j(q).
5
Let o(b) = -7*b**2 - b + 6. Let c(k) = 6*k**2 + k - 7. Let d(g) = 5*c(g) + 6*o(g). What is d(1)?
-12
Let q(n) = n**2 - n + 1. Let t = 10 + -13. Give q(t).
13
Let s(p) be the second derivative of p**5/20 - 5*p**4/12 - 7*p**3/6 + p**2/2 + 6*p. Give s(6).
-5
Let c(t) = 9*t**2 + 2*t - 7. Let o(z) = -9*z**2 - 3*z + 9. Let k(q) = 4*c(q) + 3*o(q). What is k(-1)?
9
Let t(l) be the second derivative of 0 - 1/2*l**3 - 4*l - 3*l**2 - 1/12*l**4. Determine t(-4).
-10
Let k = -4 - -14. Let i = 13 - k. Let l(a) = -5*a + 3. Determine l(i).
-12
Let i be (50/6)/(-5)*-3. Let d(a) = a - 6. Let p(k) = -k + 5. Let o(y) = i*p(y) + 4*d(y). Suppose -4*c - 1 = 7. What is o(c)?
3
Let l be (2/(-2))/(1 + 0). Let t(x) = x**2. Let f be t(l). Suppose 5 = -y - f. Let k(s) = s**3 + 7*s**2 + 6*s + 5. Give k(y).
5
Let m(s) be the first derivative of -s**6/180 - s**5/120 + s**4/24 - 8*s**3/3 - 3. Let l(r) be the third derivative of m(r). Let a = 1 + 0. Calculate l(a).
-2
Let a(s) = 2*s**2 + 5*s - 1. Let b(z) = z**2 + 3*z. Let u(f) = 3*a(f) - 5*b(f). What is u(-3)?
6
Let a(p) be the second derivative of -p**5/20 - p**4/2 - p**3/3 + 17*p. What is a(-6)?
12
Let o(l) = 2*l - 3. Let a(w) = 2*w - 2. Suppose g = -4*g + 3*r + 34, -4*g = -3*r - 29. Let z(b) = g*a(b) - 4*o(b). Determine z(-2).
-2
Let h(x) = -3. Let f(z) = -z. Let j(a) = -3*f(a) - h(a). Let q(u) = -u**3 + 3*u**2 + 2*u - 3. Let s be q(3). Give j(s).
12
Let j(o) = -o - 2. Let f be j(-5). Suppose 0 - 9 = -f*u. Let z(w) = 4 + 4*w**2 - w**3 - 3*w**u - 5*w**2 + 3*w**3. Give z(0).
4
Let q(x) = -2*x - 7. Let l(w) = -w - 3. Let b(u) = -u**3 + 11*u**2 - 11*u + 1. Let h be b(10). Let o(m) = h*l(m) + 4*q(m). Calculate o(5).
4
Let f(z) = -9*z**2 + 6*z**2 + 2*z**2 - 3*z + 7 - z. Determine f(-6).
-5
Suppose 1 = p - 2*p. Let h(m) = 7*m**2 + 6*m + 7. Let t(g) = 20*g**2 + 17*g + 20. Let i(s) = 17*h(s) - 6*t(s). Give i(p).
-2
Let y(d) be the first derivative of d**3/3 - 7*d**2/2 - d - 36. Calculate y(7).
-1
Suppose 0 = -5*b + f - 5, -5*b - 4*f - 4 = -24. Let a(v) be the third derivative of b + v**3 + 0*v - 2*v**2 - 1/24*v**4. Give a(5).
1
Let c(m) = -12*m - 14*m + 19*m. Calculate c(-3).
21
Let f(i) = -12*i**3 + i**2 + 2*i + 2. Let t(d) = -d. Let j(g) = -g**3 + 5*g + 1. Let v(u) = j(u) + 4*t(u). Let c(x) = f(x) - 3*v(x). Calculate c(-1).
10
Let m(s) = 5*s**2 + 5*s + 6. Let r(q) = 9*q**2 + 10*q + 11. Let l(x) = -11*m(x) + 6*r(x). Calculate l(5).
0
Let r(s) = -2*s**3 + 0*s**2 - 159*s + 2*s**2 + 160*s. Determine r(-1).
3
Let u(f) = -f**2 - 9*f - 6. Let t(n) = 2*n - 9. Let h(o) = -o + 4. Let y(p) = -7*h(p) - 3*t(p). Let q(k) = -u(k) - 2*y(k). What is q(-6)?
2
Let x(s) = -2*s**2 + 2*s + 2. Let t = -1 - 1. Determine x(t).
-10
Let w(z) = -z**2 - 2*z + 6. Let t be 3*1 - (-32 - -3). Let f be 40/t*(-3 + -1). What is w(f)?
-9
Let t(q) = -q**3 + 5*q**2 + q. Let y be t(5). Suppose y*r - r = -8. Let x be r - ((-9)/3)/3. Let f(v) = -2*v**3 - v**2 + 1. Determine f(x).
2
Let b be (24/(-14))/(3/(-21)). Let m = -6 + b. Let g(q) = q**3 - 6*q**2 + 2*q - 9. Determine g(m).
3
Let i(p) be the third derivative of -p**5/60 + 5*p**4/12 - 3*p**3/2 - 7*p**2. Give i(8).
7
Let v = -12 - -16. Suppose -v*g - c + 0 = -4, 4*c = 4*g + 16. Let o(h) = h**2 + h - 5. Give o(g).
-5
Suppose 3*z = 2 + 4. Let q(o) = -o - 8*o**2 - 4*o**2 + 7*o**z - 3 + o**3. Suppose -4*a + 12 = 0, -j - 4*j + 19 = -2*a. Determine q(j).
-8
Let q(t) = -t**3 + 6*t**2 - 3*t - 5. Let w be q(5). Let k(l) be the third derivative of l**5/60 - 5*l**4/24 + 7*l**3/6 - l**2. What is k(w)?
7
Let y(g) = 2 + 3*g + 0*g**2 - 6 + g**2. Let o be 30/(9 - 14) + -1 + 2. What is y(o)?
6
Let c(a) = 9*a - 1. Suppose -m + 6*m + 3*w = 55, 3*m + 2*w = 33. Let k be (34/10 + -3)*15. Let l(u) = -17*u + 2. Let j(v) = k*l(v) + m*c(v). What is j(-1)?
4
Suppose 6*b - 8*b + 10 = 4*t, 35 = 5*t - 5*b. Let w(g) = g**3 - 4*g**2 + 6*g - 1. What is w(t)?
23
Let p = -4 + 4. Suppose p = -2*r - r. Let o(l) = l - 6. Calculate o(r).
-6
Suppose 8 = w + w. Let l(f) = -2*f - f**3 + 5*f - 2*f**2 - f - 3*f**2 + w. Calculate l(-5).
-6
Suppose 2*f = -5*j + f - 8, 0 = 3*j + 3*f. Let x(h) be the first derivative of -2*h**3/3 - 3*h**2/2 - 3*h + 1. Determine x(j).
-5
Let j(g) be the second derivative of g**5/20 - 5*g**4/12 + g**3/3 + 25*g. Give j(4).
-8
Let d be (2/(-3))/((-18)/(-675)). Let x = d + 24. Let g(j) = 14*j**2 - j - 1. Calculate g(x).
14
Let l(q) be the first derivative of q**4/4 - 7*q**3/3 - q**2/2 + 7*q - 9. Give l(7).
0
Let s = -5 - -7. Let r(o) = -4 - 3*o + 5 + o**s + 1 + 1. Determine r(4).
7
Let v(k) = -2*k**2 + 12*k - 6. Let q(t) = t**2 - 6*t + 3. Let s(n) = -9*q(n) - 4*v(n). Calculate s(6).
-3
Let n(x) = -x + 4. Let p be n(0). Let v(g) = -9*g**2 - 15*g + 1. Let y(m) = -5*m**2 - 8*m + 1. Let s(j) = p*v(j) - 7*y(j). Give s(-5).
-8
Let v(z) be the first derivative of -z + 17. Let t(r) = -r - 5 + 2 - 2. Let w(c) = t(c) - 5*v(c). Determine w(1).
-1
Let d(b) = b**2 - 10. Let y(r) = -2*r**3 - 3*r**2 - 2*r - 2. Let z be y(-2). Suppose 3*m - 2*l + z*l = -21, -3*l = m + 12. Let n be 0/(3 + 12/m). What is d(n)?
-10
Let j(k) = k**2 + k - 1. Let l(z) = 2*z**2 + 2*z - 2. Let v(g) = 7*j(g) - 3*l(g). Let x = 0 + 0. Suppose x*r = -r - 3. Calculate v(r).
5
Let t(b) be the second derivative of b**3/6 + b**2 - 3*b. Let q(x) = -x - 1. Let u(d) = 7*q(d) + 3*t(d). Calculate u(-1).
3
Let q(z) = 8*z - 8 + 0 + 341*z**2 - 340*z**2. Calculate q(-8).
-8
Suppose 3 = 2*k + g, 0*g - 20 =